ainder when 243 is divided by 73.
24
Calculate the remainder when 244 is divided by 3.
1
What is the remainder when 27861 is divided by 108?
105
What is the remainder when 1667 is divided by 817?
33
What is the remainder when 2339 is divided by 45?
44
What is the remainder when 481 is divided by 209?
63
Calculate the remainder when 463 is divided by 18.
13
Calculate the remainder when 229 is divided by 32.
5
What is the remainder when 2074 is divided by 104?
98
Calculate the remainder when 1030 is divided by 277.
199
Calculate the remainder when 388 is divided by 99.
91
Calculate the remainder when 155 is divided by 40.
35
What is the remainder when 2217 is divided by 328?
249
Calculate the remainder when 1300 is divided by 31.
29
Calculate the remainder when 190 is divided by 58.
16
Calculate the remainder when 4228 is divided by 15.
13
What is the remainder when 160 is divided by 82?
78
What is the remainder when 535 is divided by 25?
10
Calculate the remainder when 51 is divided by 21.
9
Calculate the remainder when 3797 is divided by 174.
143
What is the remainder when 206 is divided by 52?
50
What is the remainder when 2041 is divided by 29?
11
What is the remainder when 534 is divided by 55?
39
Calculate the remainder when 412 is divided by 5.
2
What is the remainder when 490 is divided by 253?
237
What is the remainder when 52 is divided by 14?
10
What is the remainder when 1363 is divided by 12?
7
Calculate the remainder when 54 is divided by 16.
6
What is the remainder when 163 is divided by 121?
42
What is the remainder when 19017 is divided by 30?
27
What is the remainder when 306 is divided by 53?
41
What is the remainder when 1174 is divided by 148?
138
Calculate the remainder when 55 is divided by 45.
10
Calculate the remainder when 381 is divided by 43.
37
What is the remainder when 794 is divided by 260?
14
Calculate the remainder when 2174 is divided by 91.
81
What is the remainder when 88 is divided by 28?
4
What is the remainder when 6685 is divided by 89?
10
What is the remainder when 68 is divided by 28?
12
What is the remainder when 163 is divided by 22?
9
What is the remainder when 4001 is divided by 155?
126
What is the remainder when 727 is divided by 91?
90
What is the remainder when 2151 is divided by 27?
18
Calculate the remainder when 251 is divided by 88.
75
What is the remainder when 32 is divided by 23?
9
What is the remainder when 394 is divided by 109?
67
What is the remainder when 7409 is divided by 190?
189
What is the remainder when 8989 is divided by 17?
13
Calculate the remainder when 23743 is divided by 31.
28
Calculate the remainder when 564 is divided by 110.
14
Calculate the remainder when 1532 is divided by 128.
124
What is the remainder when 655 is divided by 325?
5
What is the remainder when 57 is divided by 37?
20
Calculate the remainder when 516 is divided by 74.
72
What is the remainder when 81 is divided by 22?
15
Calculate the remainder when 1915 is divided by 24.
19
Calculate the remainder when 880 is divided by 178.
168
Calculate the remainder when 74 is divided by 20.
14
Calculate the remainder when 525 is divided by 158.
51
What is the remainder when 391 is divided by 122?
25
What is the remainder when 250 is divided by 65?
55
What is the remainder when 65 is divided by 65?
0
Calculate the remainder when 12218 is divided by 291.
287
Calculate the remainder when 8218 is divided by 15.
13
What is the remainder when 372 is divided by 366?
6
Calculate the remainder when 3836 is divided by 30.
26
What is the remainder when 164 is divided by 33?
32
What is the remainder when 2919 is divided by 6?
3
Calculate the remainder when 7218 is divided by 38.
36
Calculate the remainder when 21625 is divided by 15.
10
Calculate the remainder when 3752 is divided by 29.
11
Calculate the remainder when 4123 is divided by 33.
31
What is the remainder when 4422 is divided by 14?
12
Calculate the remainder when 314 is divided by 48.
26
What is the remainder when 603 is divided by 105?
78
What is the remainder when 248 is divided by 91?
66
What is the remainder when 49 is divided by 48?
1
Calculate the remainder when 3364 is divided by 210.
4
Calculate the remainder when 973 is divided by 8.
5
Calculate the remainder when 3460 is divided by 314.
6
Calculate the remainder when 114 is divided by 37.
3
What is the remainder when 511 is divided by 141?
88
What is the remainder when 20 is divided by 7?
6
What is the remainder when 615 is divided by 612?
3
What is the remainder when 3497 is divided by 28?
25
Calculate the remainder when 675 is divided by 206.
57
What is the remainder when 2176 is divided by 11?
9
What is the remainder when 302 is divided by 69?
26
What is the remainder when 1061 is divided by 59?
58
What is the remainder when 90 is divided by 29?
3
Calculate the remainder when 298 is divided by 76.
70
Calculate the remainder when 4499 is divided by 20.
19
Calculate the remainder when 12067 is divided by 10.
7
What is the remainder when 38 is divided by 31?
7
Calculate the remainder when 1174 is divided by 84.
82
What is the remainder when 37 is divided by 8?
5
Calculate the remainder when 543 is divided by 14.
11
What is the remainder when 308 is divided by 120?
68
What is the remainder when 3157 is divided by 39?
37
What is the remainder when 1395 is divided by 273?
30
What is the remainder when 1425 is divided by 84?
81
Calculate the remainder when 628 is divided by 5.
3
Calculate the remainder when 719 is divided by 72.
71
What is the remainder when 895 is divided by 54?
31
Calculate the remainder when 1526 is divided by 40.
6
What is the remainder when 202 is divided by 37?
17
Calculate the remainder when 449 is divided by 92.
81
What is the remainder when 169 is divided by 36?
25
What is the remainder when 1710 is divided by 35?
30
What is the remainder when 2455 is divided by 610?
15
What is the remainder when 405 is divided by 132?
9
Calculate the remainder when 6 is divided by 2.
0
What is the remainder when 352 is divided by 121?
110
What is the remainder when 66 is divided by 25?
16
Calculate the remainder when 643 is divided by 245.
153
Calculate the remainder when 572 is divided by 284.
4
What is the remainder when 147 is divided by 34?
11
Calculate the remainder when 262 is divided by 90.
82
What is the remainder when 532 is divided by 176?
4
Calculate the remainder when 1017 is divided by 51.
48
What is the remainder when 644 is divided by 11?
6
Calculate the remainder when 24373 is divided by 75.
73
What is the remainder when 657 is divided by 48?
33
What is the remainder when 150 is divided by 50?
0
Calculate the remainder when 189 is divided by 179.
10
Calculate the remainder when 20818 is divided by 20.
18
Calculate the remainder when 282 is divided by 39.
9
What is the remainder when 763 is divided by 250?
13
What is the remainder when 415 is divided by 26?
25
What is the remainder when 478 is divided by 92?
18
What is the remainder when 117 is divided by 59?
58
What is the remainder when 98 is divided by 9?
8
Calculate the remainder when 26 is divided by 13.
0
Calculate the remainder when 600 is divided by 277.
46
What is the remainder when 1444 is divided by 73?
57
Calculate the remainder when 189 is divided by 92.
5
Calculate the remainder when 25 is divided by 6.
1
What is the remainder when 346 is divided by 11?
5
What is the remainder when 12484 is divided by 223?
219
Calculate the remainder when 422 is divided by 139.
5
What is the remainder when 24 is divided by 9?
6
Calculate the remainder when 632 is divided by 385.
247
Calculate the remainder when 621 is divided by 605.
16
Calculate the remainder when 206 is divided by 60.
26
What is the remainder when 8419 is divided by 2806?
1
What is the remainder when 1046 is divided by 30?
26
Calculate the remainder when 440 is divided by 18.
8
Calculate the remainder when 768 is divided by 259.
250
Calculate the remainder when 276 is divided by 74.
54
What is the remainder when 481 is divided by 386?
95
What is the remainder when 579 is divided by 145?
144
What is the remainder when 891 is divided by 290?
21
Calculate the remainder when 296 is divided by 27.
26
What is the remainder when 192 is divided by 35?
17
What is the rem